the units digit of 386120103?
3
What is the ten millions digit of 30598462?
3
What is the ten millions digit of 199595138?
9
What is the ten millions digit of 161300116?
6
What is the tens digit of 95789216?
1
What is the ten thousands digit of 71688033?
8
What is the ten millions digit of 2541919941?
4
What is the hundreds digit of 169660968?
9
What is the hundreds digit of 16189064?
0
What is the ten millions digit of 51052708?
5
What is the billions digit of 1772135103?
1
What is the ten millions digit of 393697971?
9
What is the hundred thousands digit of 10943361?
9
What is the hundreds digit of 3997962?
9
What is the hundreds digit of 158434476?
4
What is the hundreds digit of 71902992?
9
What is the hundreds digit of 5345072128?
1
What is the ten thousands digit of 95601703?
0
What is the hundred thousands digit of 142800610?
8
What is the hundred thousands digit of 153062464?
0
What is the ten thousands digit of 2684468047?
6
What is the ten millions digit of 378741280?
7
What is the millions digit of 797405368?
7
What is the units digit of 815717919?
9
What is the hundred thousands digit of 56135244?
1
What is the hundred thousands digit of 27422872?
4
What is the thousands digit of 18332017?
2
What is the millions digit of 19302996?
9
What is the hundred millions digit of 876115402?
8
What is the hundred thousands digit of 362135531?
1
What is the hundred thousands digit of 710194051?
1
What is the hundred thousands digit of 55184568?
1
What is the ten millions digit of 67396053?
6
What is the units digit of 12795446?
6
What is the ten millions digit of 28717813?
2
What is the tens digit of 9410762?
6
What is the ten thousands digit of 1803226205?
2
What is the ten thousands digit of 138294877?
9
What is the units digit of 174137442?
2
What is the millions digit of 657460854?
7
What is the hundred thousands digit of 7134813669?
8
What is the hundred thousands digit of 473367254?
3
What is the billions digit of 2178680542?
2
What is the hundred millions digit of 1177314825?
1
What is the hundred thousands digit of 2556622999?
6
What is the tens digit of 203066263?
6
What is the thousands digit of 19947241?
7
What is the units digit of 230633910?
0
What is the millions digit of 2654903946?
4
What is the millions digit of 397015111?
7
What is the hundred thousands digit of 219836473?
8
What is the millions digit of 7992863658?
2
What is the hundreds digit of 566156529?
5
What is the ten thousands digit of 1208436651?
3
What is the millions digit of 1278367260?
8
What is the hundred millions digit of 1263754159?
2
What is the thousands digit of 1029491209?
1
What is the hundred thousands digit of 199759352?
7
What is the hundred millions digit of 466999822?
4
What is the millions digit of 2385097431?
5
What is the ten millions digit of 355284659?
5
What is the units digit of 171421302?
2
What is the hundred thousands digit of 1896685?
8
What is the thousands digit of 42930065?
0
What is the tens digit of 5749683717?
1
What is the hundreds digit of 81977201?
2
What is the thousands digit of 66871107?
1
What is the hundreds digit of 1079771881?
8
What is the hundreds digit of 628108231?
2
What is the hundreds digit of 613358088?
0
What is the tens digit of 485414324?
2
What is the ten thousands digit of 938642635?
4
What is the millions digit of 42554749?
2
What is the tens digit of 119097581?
8
What is the ten millions digit of 3253298607?
5
What is the thousands digit of 17166546?
6
What is the ten millions digit of 30547306?
3
What is the thousands digit of 4522602785?
2
What is the ten thousands digit of 462301758?
0
What is the millions digit of 2757007054?
7
What is the tens digit of 579238118?
1
What is the billions digit of 1052185162?
1
What is the tens digit of 46770627?
2
What is the tens digit of 38926283?
8
What is the units digit of 70144824?
4
What is the ten thousands digit of 577397735?
9
What is the units digit of 55272839?
9
What is the ten thousands digit of 84916007?
1
What is the ten thousands digit of 371040051?
4
What is the ten thousands digit of 125781789?
8
What is the hundred thousands digit of 2861302128?
3
What is the units digit of 52433886?
6
What is the ten thousands digit of 33812366?
1
What is the millions digit of 1046832377?
6
What is the millions digit of 3428172861?
8
What is the billions digit of 4223333475?
4
What is the tens digit of 82263468?
6
What is the millions digit of 1159325158?
9
What is the units digit of 31701374?
4
What is the thousands digit of 1931844219?
4
What is the thousands digit of 3856509474?
9
What is the ten thousands digit of 354806287?
0
What is the thousands digit of 10315111?
5
What is the ten thousands digit of 80662680?
6
What is the tens digit of 8689767465?
6
What is the ten millions digit of 4287225935?
8
What is the ten thousands digit of 73549849?
4
What is the millions digit of 397911878?
7
What is the millions digit of 82006320?
2
What is the hundreds digit of 47367832?
8
What is the ten thousands digit of 721910847?
1
What is the units digit of 188879487?
7
What is the hundred thousands digit of 659954511?
9
What is the hundred millions digit of 183578532?
1
What is the hundreds digit of 4548834958?
9
What is the thousands digit of 414166636?
6
What is the thousands digit of 342668265?
8
What is the hundreds digit of 66608229?
2
What is the hundreds digit of 70589790?
7
What is the thousands digit of 19861240?
1
What is the ten thousands digit of 1353149648?
4
What is the tens digit of 1813912793?
9
What is the millions digit of 254601030?
4
What is the units digit of 75679428?
8
What is the tens digit of 267979569?
6
What is the thousands digit of 35755914?
5
What is the hundreds digit of 844504993?
9
What is the thousands digit of 449692144?
2
What is the hundreds digit of 49085732?
7
What is the hundred thousands digit of 108823440?
8
What is the ten thousands digit of 4794711855?
1
What is the hundreds digit of 592529096?
0
What is the hundred thousands digit of 10368978?
3
What is the units digit of 79224664?
4
What is the ten millions digit of 178081707?
7
What is the thousands digit of 48826028?
6
What is the units digit of 147729511?
1
What is the ten millions digit of 123049253?
2
What is the units digit of 870238656?
6
What is the ten millions digit of 75769238?
7
What is the thousands digit of 108228127?
8
What is the hundred thousands digit of 89182746?
1
What is the millions digit of 22596034?
2
What is the billions digit of 3877737416?
3
What is the hundreds digit of 517692639?
6
What is the hundred thousands digit of 517186332?
1
What is the ten millions digit of 467087905?
6
What is the tens digit of 151846803?
0
What is the hundreds digit of 31382341?
3
What is the millions digit of 108249112?
8
What is the tens digit of 445382907?
0
What is the tens digit of 6187129018?
1
What is the hundred thousands digit of 293741486?
7
What is the tens digit of 4762576386?
8
What is the tens digit of 74534365?
6
What is the hundred thousands digit of 255802337?
8
What is the units digit of 3342318636?
6
What is the hundred millions digit of 2979527377?
9
What is the thousands digit of 170514402?
4
What is the hundreds digit of 64670765?
7
What is the ten thousands digit of 2467962747?
6
What is the tens digit of 231664142?
4
What is the millions digit of 382425963?
2
What is the ten thousands digit of 36150817?
5
What is the units digit of 129197174?
4
What is the units digit of 224222586?
6
What is the hundreds digit of 10905450?
4
What is the billions digit of 1801409822?
1
What is the millions digit of 5732880559?
2
What is the hundred thousands digit of 406501289?
5
What is the ten thousands digit of 35868022?
6
What is the units digit of 48398630?
0
What is the tens digit of 3251708605?
0
What is the millions digit of 110068178?
0
What is the units digit of 23625233?
3
What is the thousands digit of 2467911489?
1
What is the hundred thousands digit of 23823894?
8
What is the thousands digit of 49806631?
6
What is the thousands digit of 439665335?
5
What is the ten thousands digit of 329051861?
5
What is the ten millions digit of 528048696?
2
What is the thousands digit of 47673761?
3
What is the units digit of 81552707?
7
What is the millions digi